+ 3. Let t be v(-2). Suppose k = -3, t*z + k + 3*k = -135. Let l = z - -58. What is the remainder when 32 is divided by l?
15
Suppose 3*p + z = 78, 3*z - 7*z = -4*p + 104. Suppose -4*l = -2*i - 28, -3*i + 4*l - 30 = 2*l. What is the remainder when p is divided by (-7)/(14/i) - -3?
5
Let g = 32 - 22. Calculate the remainder when 9*4*(-5)/(-10) is divided by g.
8
What is the remainder when -3*(3 - (-3)/(36/(-56))) is divided by 3?
2
Let y = -33 - -53. Suppose 0*u = -3*u + 2*v + 8, 0 = -2*u - 5*v - 1. Suppose 7*l = u*l + 55. Calculate the remainder when y is divided by l.
9
Let a(v) = -v + 5. Let i be a(4). Let l(x) = -x**3 + x**2 + x + 14. What is the remainder when i + 1 + 19*2 is divided by l(0)?
12
Let n be 28*((-5)/(-2) - 2). Calculate the remainder when 37 is divided by n/77 + (-216)/(-22).
7
Let w be (2 + -7)*(3 + -2). Let b(j) = j**3 + 3*j**2 - 5*j - 6. Let u be b(w). Let p = -22 - u. What is the remainder when 25 is divided by p?
7
Let i = 138 - 89. Calculate the remainder when i is divided by 26.
23
Suppose -14*u = -4*u - 300. What is the remainder when 41 is divided by u?
11
Let h = 1 - 0. Let p = -7 + 8. Calculate the remainder when p is divided by h.
0
Let r be (28/16)/(-1)*4. Let c(i) = -2*i + 14. Let b(k) = -3*k + 13. Let l(h) = -3*b(h) + 4*c(h). Calculate the remainder when 28 is divided by l(r).
8
Let o(r) = r**2 - 2*r. What is the remainder when 43 is divided by o(5)?
13
Let x = -19 - -31. Calculate the remainder when x is divided by (-2)/(-6)*1*21.
5
Suppose b + 3*k = 62, 2*b + 3*k = 7*b - 256. Let w = b + -1. Suppose 4*l - 60 = 12. What is the remainder when w is divided by l?
16
Let z = 5 - 3. What is the remainder when (3/(-4))/((-27)/144*1) is divided by z?
0
Let b(v) = -2*v - 18. Calculate the remainder when b(-19) is divided by 6.
2
Calculate the remainder when 83 + (-1)/(-7) + 1/(-7) is divided by 29.
25
Let t(q) = q**2 + 17*q + 50. What is the remainder when 132 is divided by t(-16)?
30
Let l = -36 + 53. What is the remainder when 101 is divided by l?
16
Let d(g) = g + 3. Let a be d(-4). What is the remainder when a/((3 + -1)/(-46)) is divided by 13?
10
Let i = -15 + 7. Let f(w) = w**2 + w + 2. What is the remainder when f(i) is divided by 15?
13
Let z(v) = -2*v - 3. What is the remainder when z(-7) is divided by 6?
5
Suppose 0 = z - 5*x - 16, 0*x - 3*x = 12. Calculate the remainder when z/(-6) + (-372)/(-9) is divided by 11.
9
Suppose -4*o = -i + 18, 0*i - o = -2*i + 8. What is the remainder when 7 is divided by i?
1
Suppose -h + 0 + 10 = 0. Let d = h - 1. What is the remainder when 3/d - 6/(-9) is divided by 1?
0
Let d be 3/(2/(-128)*-6). Let q = d - 13. What is the remainder when -4*1*(-11 - 3) is divided by q?
18
Let r(z) = z**2 + 2*z + 1. Let k be r(-3). Let f = 7 + k. Let v = f - 6. What is the remainder when v is divided by 2?
1
What is the remainder when 2 + -4 - -2 - (-24 - 1) is divided by 14?
11
Let o = 43 + 28. Let d(h) = -h**3 + 8*h**2 + 11*h. Let i be d(8). Suppose m + 4*z - 32 = 0, -z + i = 3*m + 14. What is the remainder when o is divided by m?
23
Let k(t) = t**2 + 6*t + 5. Suppose -3*q + 0*q + 2*y + 107 = 0, 2*q + 5*y - 46 = 0. Calculate the remainder when k(-13) is divided by q.
30
Let x(c) = c**2 + c + 4. Let w be 2/(-2)*1*-3. Suppose 4*g + 4*h = 100, 2*g + 165 = 7*g - 3*h. What is the remainder when g is divided by x(w)?
14
Let l(u) = -3*u - 8. Let r = 52 - 45. What is the remainder when l(-7) is divided by r?
6
Let p = -3 + 7. Suppose s = p*r + 7, s + 5*r + 13 = 2. Calculate the remainder when 26 is divided by 3 - (-7 + (-1)/s).
8
Let t(d) = d**2 + d + 2. Let q be t(0). Suppose -2*i + 50 = 5*y, -5*y + 40 = -y - 3*i. Calculate the remainder when q/(-4) - (-114)/4 is divided by y.
8
Let r = 42 + -13. What is the remainder when r is divided by 10?
9
Let r = 94 - 40. Let i be (4/6)/((-11)/(-33)). Suppose -r = -i*s + 26. Calculate the remainder when s is divided by 14.
12
What is the remainder when (-1162)/(-21)*(-6)/(-2) is divided by 28?
26
Let p(s) = -s**2 - 11*s + 21. What is the remainder when p(-9) is divided by 10?
9
What is the remainder when 46 is divided by 2/(-5)*-1 - (-1950)/125?
14
Suppose 0*r - 108 = -4*r. Suppose m + 70 = 6*m. What is the remainder when r is divided by m?
13
Let v(b) = -b + 8. Let r(t) = -t**2 + 16*t - 12. What is the remainder when r(9) is divided by v(-18)?
25
Let s(r) = -r**2 + 13*r + 31. Calculate the remainder when 65 is divided by s(14).
14
Let h = 30 + -21. What is the remainder when h is divided by 5?
4
Let k(j) = -j**2 - 2*j + 44. Let r(f) = -f + 1. Let g be r(-2). Suppose -92 = -7*t + g*t. Calculate the remainder when k(0) is divided by t.
21
Let w(t) = -t**3 - 9*t**2 - 9*t - 7. Let z(v) = v**3 + 10*v**2 + 10*v + 7. Let y(n) = -2*w(n) - 3*z(n). What is the remainder when 9 is divided by y(-11)?
1
Let n = 6 + -5. Let v(f) = f**2 + 1. What is the remainder when 2 is divided by v(n)?
0
Let r = -74 + 155. What is the remainder when r is divided by 17?
13
Suppose -4*q + 49 = -11. Calculate the remainder when 24 is divided by q.
9
Let a = 10 - 5. Suppose -a*t = -0 - 10. What is the remainder when 4 is divided by t?
0
Let x = -72 - -90. Calculate the remainder when 88 is divided by x.
16
Let x(h) = 7*h**2 + 3*h - 3. Let p be x(2). Let t = p - 21. Let f(z) = 18*z**3 + z. Calculate the remainder when f(1) is divided by t.
9
Let p = 6 + 1. Let b(s) = 21*s**3 - s**2 + 1. Let u be b(-1). Let y = 5 - u. Calculate the remainder when y is divided by p.
5
Let y(l) = 4*l**2 + 2. Let s(a) = 4*a**2 + 2. Let u(p) = 6*s(p) - 5*y(p). Calculate the remainder when u(2) is divided by 10.
8
Suppose m - 3 = g - 6, -2*m + 4 = 0. Let l = 22 + -8. What is the remainder when l is divided by g?
4
Let f be 2 - (2 - (-11)/(-1)). Suppose 52*n - 12 = 50*n. What is the remainder when 2 - 3 - (-1 - f) is divided by n?
5
Suppose 30*s = 79 + 551. Let k = -1 + 7. Calculate the remainder when s is divided by k.
3
Let s be (4 + 2)*(-4)/12. Calculate the remainder when s/4*(2 + -56) is divided by 15.
12
Let q(m) = -m + 17. Calculate the remainder when 13 is divided by q(10).
6
Suppose -s = -1, 2*x - 15 = -3*s + 4. What is the remainder when 29 is divided by (14/x - 3)*-8?
9
Let b = -1 - -9. Suppose -33 = -5*l - b. Suppose h = -w + 3*h + 16, -38 = -4*w - l*h. What is the remainder when 34 is divided by w?
10
Let c be 2/4 - (-20)/(-8). Let o be (0 - 2)*(-2)/(-4). What is the remainder when (-43 - o)/c*1 is divided by 11?
10
Suppose 112 = 6*g - 2*g. Calculate the remainder when g is divided by 10.
8
Suppose -3*c - 4*p = -107 - 9, -p + 101 = 3*c. What is the remainder when c is divided by 11?
10
Let g = 32 - -14. Let v(h) = 2*h**2 + 3*h + 3. What is the remainder when g is divided by v(-3)?
10
Suppose -2*m + u + 21 = 0, -21 = -4*m + m + 5*u. Suppose -m = 3*a - 5*a. Calculate the remainder when a is divided by 3.
0
Let h = -21 - -36. Suppose f = 79 - h. Calculate the remainder when f is divided by 33.
31
Suppose -6*a - 15 = -a. What is the remainder when 117 is divided by 267/9 + (-1)/a?
27
Let h = 96 - 47. Let z = -24 + h. Calculate the remainder when z is divided by 9.
7
Let p = 39 - 22. What is the remainder when p is divided by (-1)/(-4) + 105/12?
8
Let a = -1 + 3. Let w(f) = -5*f + a*f - 4 - 3*f**2 + 4*f**2. What is the remainder when 11 is divided by w(5)?
5
Suppose -4*b = b - 10. Let x = 9 + -5. Suppose 2*n + x - 7 = -5*y, 0 = 4*y - n - 5. Calculate the remainder when b is divided by y.
0
Suppose -6*y + 2*y = 16, -4*y = -2*g + 144. Let q = g + -42. Calculate the remainder when q is divided by (-2)/(4/(-2)) - -11.
10
Let u be (-27)/(-12) - (-2)/(-8). Suppose -4*m + u*z = 6*z - 56, 4*z - 66 = -5*m. Calculate the remainder when (-2*(-38)/(-4))/(-1) is divided by m.
9
Suppose -5*n - 4*j + 173 = 59, 0 = -n - 5*j + 27. Calculate the remainder when n is divided by 12.
10
Suppose -13*p = -10*p - 36. What is the remainder when 46 is divided by p?
10
Let p(b) = 2*b. Let l(d) = -d**3 + d**2 + 2*d - 1. Let g = -1 + -1. What is the remainder when l(g) is divided by p(2)?
3
Let p = 66 - 35. Let f(t) = -t**2 + 10*t - 10. Let h be 5 + 0/2 - -2. Calculate the remainder when p is divided by f(h).
9
Suppose -2*r + 2*q + 2*q + 6 = 0, 2*r = 3*q + 10. What is the remainder when 21 is divided by r?
10
Suppose 4*r = -r - l